t(o) = o**3 + 5*o**2 - 2*o - 21. Let q(n) = -n**3 + 1. Let y(w) = -2*q(w) - t(w). Is y(7) a prime number?
True
Suppose -14*d - 280 = -22*d. Suppose 37*q = d*q - 4. Is (-21357)/(-18) + 1/q prime?
False
Let u(o) = -2*o**3 + 172*o**2 - 71*o + 338. Is u(69) a prime number?
False
Let l = -96525 - -253564. Is l composite?
True
Suppose -8*o = 36 - 108. Is 7500 - (o + (0 - 5))/4 a prime number?
True
Let b(x) = x**2 + 9*x + 13. Let c be b(-8). Suppose c*a + 7 = 4*y, 4*a + 2 = 5*y - 9. Suppose -y*p + 2147 = -4759. Is p a composite number?
True
Suppose 0 = -5*u + 3*j - 8 - 2, 0 = -2*u + 2*j - 8. Let q be -1158*u*(-2)/3. Let d = -63 + q. Is d prime?
True
Let a = -545 - -558. Is a/78 - 96682/(-12) a composite number?
True
Let p(q) = 2*q**2 + 16*q + 27. Let g(y) = -9*y + 3 - 33 - 16. Let d be g(-7). Is p(d) composite?
False
Let t = -33558 - -133081. Is t a composite number?
False
Suppose -3*b - v + 23 = -2*v, -40 = -5*b + 2*v. Suppose 0 = b*r + 6 + 18. Is (r + -420)*-1 + 3 a prime number?
False
Suppose -5*t + 34373 = -4*g, -27502 = -4*t + 4*g - 2*g. Suppose -2*y = w - 7527, 3*y - t - 4411 = -w. Is y a composite number?
False
Let f(l) = l**2 + 5*l**2 + 2 - 7*l**2 + 3*l**2 - 6*l. Let y be f(3). Suppose -2*v = y*v - j - 841, 4*j + 1043 = 5*v. Is v composite?
False
Let n = 1420 + -654. Is n composite?
True
Let o(y) = -2*y + 42. Let w be o(18). Let v(k) = -3*k**2 + 5*k - 5. Let g(j) = -j**2 + 2*j - 2. Let u(i) = w*v(i) - 17*g(i). Is u(-3) a composite number?
False
Suppose -2*a + 2*y + 17153 = -a, 5*y = a - 17144. Is a prime?
True
Let d(v) = -124*v**2 + 94*v**2 + 95*v**2 - 45 + 6*v. Is d(-14) prime?
True
Let f = 415761 - 234304. Is f prime?
True
Let i(b) be the second derivative of 234*b**3 + 7*b - 7/2*b**2 + 0. Is i(1) a composite number?
True
Let l(y) = -52*y + 72. Let g be l(20). Let a = 1131 - g. Is a composite?
False
Suppose 4*q - 355376 = -4*o, 9*o - q + 266542 = 12*o. Is o a composite number?
True
Let d be 30/(-10) + 3 + -1. Let y be (18/(-4))/(6/12*d). Suppose -6*j + y*j - 789 = 0. Is j a prime number?
True
Suppose 4*n - 4*x - 5891 = n, 3*n - 5892 = 3*x. Suppose n = 8*f + 7*f. Is f a composite number?
False
Let y(b) = 5*b + 2. Let u be y(4). Let d be 4/u + (-81500)/(-55). Let f = -799 + d. Is f a prime number?
True
Let u be -4*(-4)/16 + -464. Is (14*(-6)/12)/(1/u) a composite number?
True
Let p be -3 - (2 + -9 + -12). Suppose 0 = -4*n + 12*w - p*w + 34660, -17334 = -2*n - 4*w. Is n prime?
True
Let o = -392 - -427. Suppose -90083 = -52*j + o*j. Is j prime?
False
Is (2*1)/(66/8018043) a composite number?
False
Suppose 0 = -5*t + 4*j - 16, j + 0 - 4 = 3*t. Suppose t = -5*m - 4*v - 2013 + 10182, -1629 = -m - 2*v. Is m prime?
True
Suppose 0 = -829*p + 846*p - 132413. Is p a prime number?
True
Let i(c) = 1229*c**2 + 91*c - 697. Is i(10) composite?
False
Let y(c) = -13*c + 19 + 0 + 132*c**2 + 11*c + 11*c. Is y(-2) prime?
False
Let s(d) be the third derivative of 1657*d**5/60 - 13*d**4/24 + 13*d**3/6 + 11*d**2. Is s(1) a prime number?
True
Let l be -5 + 3357 - -6 - -7. Let x = l - 1032. Is x a prime number?
True
Suppose -4*m + 964813 = -5*s, -6*m + m - 4*s = -1206047. Let h = m - 342847. Is 1 + 0 + h/(-22) prime?
True
Let g(p) = -1667*p + 18. Is g(-35) a prime number?
True
Let d be (87 + -23)*(-442)/(-8). Suppose -h - 234 = 3*x - 2362, 5*x - h = d. Suppose -n = -4*t - 162, 4*n - t + 0*t - x = 0. Is n a prime number?
False
Suppose 3*l - 258003 = 5*m - 1389106, -2*l - 1131097 = -5*m. Is m a prime number?
True
Suppose -199 + 15 = 5*k + 3*y, 5*k - 2*y + 194 = 0. Let x = k + 52. Suppose -x*w + 12*w = -3954. Is w prime?
False
Let s(q) = -577*q**3 - 84*q**2 + 5*q + 14. Is s(-4) a prime number?
False
Suppose 3*j + d = -1195975, -d = 4*j - 6*d + 1594665. Is 4/(-38) - j/380 composite?
False
Is -1356724*(-3)/(-96)*-8 prime?
False
Let s = 224654 + 13040. Suppose -28*x = -178582 - s. Is x a composite number?
False
Let x(k) = -9281*k + 1930. Is x(-35) a prime number?
False
Let u be 132/5 + 18/(-45). Let x be (-6)/(-9) - (-3545)/15. Let c = x - u. Is c a composite number?
False
Is (10 - 62498)*-3 + -1 composite?
False
Let n = 236 - 231. Suppose z - n = 0, 5*f - 27277 = 3*z - 10247. Is f a prime number?
False
Let v(m) = 412*m - 23. Let w = -177 - -183. Is v(w) a composite number?
True
Let t(u) be the first derivative of 29*u**2 + 25*u - 14. Let k = 145 - 138. Is t(k) a composite number?
False
Let t(r) = 19*r**3 - r**2 + 8*r + 1. Suppose 3*x + 3*f - 21 = 0, -3 = 3*x - 3*f - 12. Is t(x) prime?
False
Is (3 + 164108/16)*(28 + -24) prime?
True
Suppose -125 = -6*t - 47. Suppose -5*a + 31 = -3*m, 3*a + t = m + 6*a. Let j(h) = -158*h**3 + 3*h**2 - 5. Is j(m) a prime number?
False
Suppose 95*x + 15627101 = 228*x. Is x prime?
True
Let g = 6 - -14. Let z(u) = u**3 - 21*u**2 + 126*u - 21. Is z(g) composite?
False
Is 6/(-39) - (-216056553)/663 composite?
False
Let a = 23106 - -76795. Is a a composite number?
False
Suppose -3514 = -5*x - 3*w, -w + 4*w - 9 = 0. Suppose x = -13*v + 9684. Is v a composite number?
False
Let l(z) = -23*z + 11. Let c(k) = -23*k + 10. Suppose 6*d = 10*d - 24. Let a(s) = d*c(s) - 5*l(s). Is a(-7) a prime number?
False
Let v = 56 - 63. Let f(b) = -10*b**3 - 3*b**2 - 14*b - 5. Let y be f(v). Suppose -2*r - 6*r = -y. Is r prime?
False
Let c(r) = 8*r**2 - 6*r + 13. Let h be 1/2*1*(-4 + -16). Let s be (-6)/(-9)*((-405)/h)/9. Is c(s) composite?
False
Suppose x - 5*b - 23 = 0, -2*x + b = 1 - 20. Suppose -x*s = -3*s - 4*p - 17127, 0 = -4*s - 5*p + 13718. Is s prime?
False
Let d = 8747 - 5585. Suppose -4*w + 3*c + 4188 = 0, 4*w - 7*w - 3*c = -d. Is w - 1/((-1)/5) composite?
True
Let j = -1571034 + 2491777. Is j a composite number?
False
Let z = 299 + -70. Suppose -1123 = -z*u + 228*u. Is u a composite number?
False
Let i = -37502 + 52571. Suppose -i = -13*y - 3434. Is y a prime number?
False
Is 118663 - (-4 - -10)*-1 composite?
False
Let t(v) = -91*v**3 + 66*v**2 - 32*v - 820. Is t(-19) prime?
True
Is ((-20538280)/(-2240))/((-2)/(-16)) a composite number?
False
Let j(p) = -2577*p - 227. Is j(-40) prime?
False
Let b = -22 - 14. Let p be (b - -4)/((-2)/134). Suppose 4*y - 1868 - p = 0. Is y composite?
True
Let h be 3/((-55)/(-10) + -4). Suppose z + h - 6 = 0. Suppose 2*w - 2*i = -88 + 2330, 3*w - 3363 = -z*i. Is w prime?
False
Is (6/(-9)*-107)/((-6)/(-207)) prime?
False
Suppose -3*c + 4*q = -c - 6, 0 = 5*c + 3*q - 2. Let k be -1 + (3 - -1) + c. Suppose -161 = -3*w - 4*p + 704, -3*p - 1145 = -k*w. Is w prime?
False
Let m = -210 - -202. Is (-10)/10*(m - -1) prime?
True
Suppose 0 = -95*a + 100*a - 206105. Is a a prime number?
True
Suppose -2*c - 3*m + 57 = -798, 4*m = 5*c - 2172. Suppose -5*s - 241 = 864. Let u = s + c. Is u a composite number?
False
Let b(k) = k**3 + 99*k**2 + 2*k - 43. Is b(-21) a prime number?
True
Suppose -3*c = 6, -2*c + 3271 + 6517 = 4*l. Let d = l - 1259. Is d a composite number?
True
Suppose 15 = 3*n, -5*n = 3*v - 20 - 20. Suppose -v*j + 1986 = -4829. Is j prime?
False
Let j(i) = 974*i**3 + 39*i**2 - 11*i - 2. Let c be j(5). Suppose -23*p = -c - 34054. Is p prime?
False
Suppose 0 = -s + 5*d + 22, -3*s - 4*d = s + 8. Suppose 166283 = -4*o + 6*c - 3*c, 0 = -s*o - 5*c - 83135. Is 18/(-8) + 2 - o/40 prime?
True
Suppose -29 - 6 = -5*j. Suppose -2*d - 1705 = 4*q - j*q, -5*q - 4*d = -2871. Is q a composite number?
False
Let k(z) = -8*z + 611. Is k(5) a prime number?
True
Suppose -39*z = 710594 - 1928837. Is z a composite number?
False
Suppose -t = -4*b + 130, 3*t = 6*b - 4*b - 60. Suppose -272789 - 188848 = -b*g. Is g a prime number?
False
Suppose 6034 = -7*a + 560. Let k = 2915 - a. Is k prime?
True
Let w(b) = -1500*b + 3698. Is w(-18) a composite number?
True
Is 120/(-560) - (-784202)/28 composite?
True
Let t(s) = 659*s**2 - 52*s - 1379. Is t(-22) a composite number?
True
Let y = 3177 + -6755. Let l = y + 8451. Is l a prime number?
False
Let b(n) = -9491*n**3 + 11*n**2 + 17*n - 15. Is b(-4) a composite number?
False
Suppose -r - 4*q + 273684 + 147573 = 0, 5*q - 20 = 0. Is r prime?
True
Let n = -97637 + 56761. Let o = 77217 + n. Is o composite?
False
Let d(k) = -20*k**2 - 27*k + 25. Let o be (-8)/28 - (-2 - (-156)/(-7)). Let y be d(o). Is 2/5 + (y/(-5))/1 prime?
False
Let o(h) = -956*h - 211. Let j(s) = -319*s - 71. Let d(l) = 8*j(l) - 3*o(l). Is d(6) compo